tens digit of l?
8
Suppose 0 = -2*i - 2*s + 172, 3*i - 3*s - 218 = 2*s. What is the tens digit of i?
8
Let i be (2 + 7/(-2))*2. Let j be (1 - 2)/(1/(-2)). What is the units digit of (-14)/i - j/3?
4
Suppose 0 = -5*z - 211 + 1. Let a = -8 - z. What is the units digit of a?
4
Suppose 7*l - 3*l = 8. Suppose -o + b + 6 + 2 = 0, -l*o = -b - 20. What is the units digit of o?
2
Suppose 4 = -2*t - 2*t. What is the units digit of t + (2 - 0 - -27)?
8
Suppose g - 4 = d - 2, -4*g - 2*d - 16 = 0. Let u = g - -6. What is the units digit of u?
4
Suppose -2*v = -4*v. Suppose 2*d + v = 12. What is the units digit of d?
6
Suppose 0 = -4*h + 218 + 2. What is the tens digit of h?
5
Let p(i) = 2*i**2 - i. Let q be p(-1). Suppose q*o + 36 = 3*m, m + 0*o - 15 = -2*o. Let j = m - 6. What is the units digit of j?
7
Let i be 120/(-2)*8/(-12). Suppose 160 = 3*w + i. What is the tens digit of w?
4
Let p = -18 + 60. What is the tens digit of p?
4
Suppose -f = -0*q - 4*q + 31, -4*f = -3*q + 7. Suppose 2*j + 1 - q = 0. Suppose 4 + j = 2*u, -4*w + u + 20 = 0. What is the units digit of w?
6
Suppose -52 = -5*i - 2*t, 3*i - 2*t - 40 = -t. What is the units digit of i?
2
Let s be (22/(-8) - -2)/((-4)/(-16)). Let q(n) be the second derivative of -n**3/2 - n. What is the units digit of q(s)?
9
Let k = 119 - 116. What is the units digit of k?
3
Let d(w) be the first derivative of -w**4/2 - w**3/3 + 3*w**2/2 + w - 3. What is the units digit of d(-2)?
7
Suppose -6*o = 2*f - 4*o - 300, -3*o - 15 = 0. Suppose -2*z = 2*i - 78, 5*z - 6*i - f = -3*i. What is the units digit of z?
4
What is the tens digit of (-39)/2*(6 + 420/(-18))?
3
Suppose -z + 1 = -4. Let k = -7 + z. What is the units digit of (5 + 1)*-1*k?
2
Let g(f) = -f**2 - 5*f + 7. Let z(t) = -t**2 + 2*t + 3. Let h be z(-2). Let v be g(h). Let y = 10 - v. What is the units digit of y?
3
Suppose 3*o + 5 = 14. Suppose -2*g + 39 = o*z, -z = 4*g - g - 13. What is the tens digit of z?
1
Let q = 4 - 4. Let u(s) = -3*s**2 + s**3 + 8*s**2 + 4 + q. What is the units digit of u(-5)?
4
Let t(n) be the second derivative of -n**3/6 + n**2/2 + n. Let x be t(-4). Let m = x - 0. What is the units digit of m?
5
Suppose 0*q - 3*q = 9. Let l = 1 - q. Suppose l*t + 0 = 8. What is the units digit of t?
2
Let d(j) = j**2 - 3*j - 3. Let f be d(4). Let p = f - 5. Let y = p + 6. What is the units digit of y?
2
What is the units digit of (((-330)/(-4))/(-5))/(9/(-36))?
6
Suppose 0 = -2*c + 252 - 66. Suppose -15 = -4*f + c. Suppose 5*a = 2*a + f. What is the units digit of a?
9
What is the units digit of (-1436)/(-28) + (-4)/14?
1
Let s(d) = 2*d**2 - 10*d - 3. Suppose -2*z - 2*v + 28 = 2*z, 2*v + 7 = z. What is the tens digit of s(z)?
2
Suppose -6*m + 11*m = 120. What is the units digit of m?
4
Let n(r) = 7*r**2 + 7*r - 13. What is the tens digit of n(-6)?
9
Let k(g) = 4*g - 5. Let w = 2 - -5. What is the tens digit of k(w)?
2
Suppose 5*m = -4*h, 7 + 14 = 5*h + m. Suppose r + 7 = h*k, k + 13 = r + 6*k. Suppose 5 = 4*a - r. What is the units digit of a?
2
Let z = 4 - 8. Suppose 4*m - 4*h = -20, 3*m + 4*h - 7 - 13 = 0. What is the units digit of (z - -14)*(1 - m)?
0
Suppose 0 = -5*l + 2*m + 5, 8*m + 4 = 4*l + 3*m. Suppose -3*x + 4 = l. What is the units digit of x?
1
Let u = 9 - 6. Suppose 22 = u*h + 4. Let b(r) = r**2 - 6*r + 5. What is the units digit of b(h)?
5
Suppose -6*l = -8*l + 28. What is the tens digit of 16*l*1/8?
2
Suppose -14*s + 45 = -13*s - 3*l, 2*s - 81 = 3*l. What is the units digit of s?
6
Suppose -f + 3*g + 3 = 0, 4*f + 5*g = -0*f - 5. Let v = f - -4. Suppose v*p - 4*i - 8 = -0*i, -i + 6 = p. What is the units digit of p?
4
Suppose 3*n + 1 + 23 = 3*m, -4*m - n + 7 = 0. Suppose 0 = m*p - 42 - 36. What is the tens digit of p?
2
What is the tens digit of 2/(-16) - 473/(-8)?
5
Let c be 7 + (-3 - (-7 - -2)). What is the units digit of (c/5)/(4/20)?
9
What is the units digit of (-30)/((-78)/(-18) + -5)?
5
Suppose -5*i - 5*p = -25, -3*p = -2*i - p + 2. Suppose -i*l = 1 - 52. What is the units digit of l?
7
Let p be 2 + (0 - 0)/(-1). Suppose 4*j = p*j + 22. What is the units digit of j?
1
Suppose -b + 2*c + 205 = 0, -5*b - 194 + 1183 = 2*c. What is the units digit of b?
9
Let a be ((-2)/(-3))/(2/30). Suppose n + r = -10, -5*r = 3*n + a + 20. Let g = 15 + n. What is the units digit of g?
5
Let g = -17 - -41. What is the units digit of g?
4
Let k be (-6)/(-3)*2/2. Suppose b = 4*g - 1 + 10, k*g = 2*b - 12. Suppose 2*s = 2*c - 0*s - 4, b = s. What is the units digit of c?
7
Let p(z) = z**3 + 4*z**2 + 4*z + 3. Let i be p(-3). Suppose i = -4*b - 85 + 373. What is the units digit of b/10 + 3/(-15)?
7
Let a(m) = m**3 - 6*m**2 - 7*m + 9. Let x(q) = q**3 + q + 0*q + 4*q**2 + 1 + 0*q. Let k be x(-2). What is the units digit of a(k)?
9
Let c(j) = 4*j**3 - j + 1. Let d be c(1). Suppose 2 = -d*w + 6. Suppose -w = n + 1, -5*n = 3*t - 26. What is the tens digit of t?
1
Let c(p) = -p**3 - 7*p**2 - 2*p - 4. Let o be c(-7). Suppose i + 4*d - 18 = 0, 4*d = -d + o. Let q = 30 - i. What is the tens digit of q?
2
Suppose -f = 4*f - 195. What is the tens digit of f?
3
Suppose -5*q + 2*q + 4*u + 8 = 0, 2*u = -2*q + 24. What is the units digit of q?
8
Let y(w) = w**2 - 2*w - 2. Suppose 2*q - 3*z + 0 + 4 = 0, 2*z = 5*q - 12. What is the units digit of y(q)?
6
Let n(a) = 14*a**2 - a - 1. Suppose 0 = -u - 5*c + 9, 4*u - 5*c - 8 = 3. Let k = u - 5. What is the units digit of n(k)?
4
Let m(x) = 0 - 4 + 5*x + 2 - 10*x. What is the units digit of m(-1)?
3
Let p(i) = i**3 - 27*i**2 - 16*i - 19. What is the tens digit of p(28)?
1
Suppose -2*h = -h + 5. Let a = h + -4. What is the units digit of a*5/(45/(-6))?
6
Suppose 5 = 2*m - 1. Suppose 3*p + 5*j + 16 = 0, m*p + 0 = -2*j - 1. Suppose 0 = 3*d + p, 5 = x - 0*x + 4*d. What is the units digit of x?
9
Let d(c) = -2 + 4*c**2 + c**2 + 4. Let a(f) = f**2 + f + 1. Let q(v) = -6*a(v) + d(v). What is the units digit of q(-4)?
4
Let q(w) = 2*w**2 + 3*w + 3. Let r(j) = 3*j**2 - 6. Let u(o) = 2*o**2 - 4. Let y(d) = 5*r(d) - 8*u(d). Let v be y(2). What is the units digit of q(v)?
5
Suppose -s - 40 = 4*s. Let n = 11 + s. Let v = -2 + n. What is the units digit of v?
1
Suppose -3*v = 5 - 2. Let s be (-9 - -6) + (-3)/v. Suppose 4*g - 4*m - 8 = 0, -3*m + 11 + 4 = s. What is the units digit of g?
7
Let j(h) = 14*h - 4. What is the tens digit of j(5)?
6
Let z be 3/(-12) - 42/(-8). Suppose -2 + 37 = z*d. What is the units digit of d?
7
Let l(a) = a**3 + a + 3. Let f be l(0). Let q = 6 - f. What is the units digit of q?
3
Suppose l - 4*l + 5*h + 568 = 0, -h = 5*l - 956. What is the hundreds digit of l?
1
Suppose -x = -2*o - 3*x + 28, 0 = 3*o + 5*x - 38. Suppose -l = l - o. What is the units digit of l?
8
Suppose -41 + 9 = 2*n. What is the tens digit of 1/(-4) + (-244)/n?
1
Let g(s) = -s + 5. Let u be g(5). Suppose u = 6*p - 3*p - 27. What is the units digit of p?
9
Let n = 1 + -1. Suppose 5*y + n*y + k - 311 = 0, -2*y + 2*k = -134. Suppose -5*z + c + y = 0, 4*z - 9 = 3*z - c. What is the tens digit of z?
1
Suppose 0*v = v - 1, 4*z + 3*v = 27. What is the units digit of (-1)/(-1 - z/(-7))?
7
Let t = 150 - 41. What is the tens digit of t?
0
Let o(c) = 3*c**2 + c + 5. What is the units digit of o(4)?
7
Suppose 3*k - 2*d + 4 - 3 = 0, -5*k - 3*d = 8. What is the units digit of 0 + -1 + k - -16?
4
Let l(x) = x**3 + 15*x**2 + 14*x + 4. What is the units digit of l(-14)?
4
Suppose -3*t + 75 = 3. Let w = t - 12. What is the units digit of w?
2
Let o(r) = 2*r**2 - 10*r + 13. What is the hundreds digit of o(12)?
1
Suppose 4 = 3*l + x, 6*l - 37 = 2*l + 5*x. Let y be 2*6 + -1 + 1. Suppose -l*u = u - y. What is the units digit of u?
3
Suppose f + 1 = 0, q = 3*q + f - 7. Suppose 37 = q*w - 5*s, -3*w = -6*w + s + 14. What is the units digit of (-3 - -14) + w/(-1)?
8
Let g = 21 - -48. What is the units digit of g?
9
Suppose -3*q = 3*v + 281 - 59, 76 = -q - 3*v. Let r = -27 - q. What is the units digit of r?
6
What is the units digit of (-7)/(-28) - 19/(-4)?
5
Suppose 2*q - 250 + 18 = -2*n, 0 = n + 2*q - 117. What is the hundreds digit of n?
1
Suppose 88 = 5*o + 2*a, -a - 60 = o - 5*o. What is the units digit of (0 - -33)*o/24?
2
Let m = -97 + 205. What is the units digit of m?
8
Let f(r) = r**2 - 4*r - 4. Suppose 9*l = 7*l + 12. What is the units digit of f(l)?
